{"version":"1.0","provider_name":"Santa Comba na Memoria","provider_url":"https:\/\/www.santacombanamemoria.eu\/sc","author_name":"admin","author_url":"https:\/\/www.santacombanamemoria.eu\/sc\/index.php\/author\/admin_sc\/","title":"Jos\u00e9 Su\u00e1rez Su\u00e1rez - Santa Comba na Memoria","type":"rich","width":600,"height":338,"html":"<blockquote class=\"wp-embedded-content\" data-secret=\"Z3AqhiGN42\"><a href=\"https:\/\/www.santacombanamemoria.eu\/sc\/index.php\/jose-suarez-suarez\/\">Jos\u00e9 Su\u00e1rez Su\u00e1rez<\/a><\/blockquote><iframe sandbox=\"allow-scripts\" security=\"restricted\" src=\"https:\/\/www.santacombanamemoria.eu\/sc\/index.php\/jose-suarez-suarez\/embed\/#?secret=Z3AqhiGN42\" width=\"600\" height=\"338\" title=\"\u00abJos\u00e9 Su\u00e1rez Su\u00e1rez\u00bb \u2014 Santa Comba na Memoria\" data-secret=\"Z3AqhiGN42\" frameborder=\"0\" marginwidth=\"0\" marginheight=\"0\" scrolling=\"no\" class=\"wp-embedded-content\"><\/iframe><script type=\"text\/javascript\">\n\/* <![CDATA[ *\/\n\/*! This file is auto-generated *\/\n!function(d,l){\"use strict\";l.querySelector&&d.addEventListener&&\"undefined\"!=typeof URL&&(d.wp=d.wp||{},d.wp.receiveEmbedMessage||(d.wp.receiveEmbedMessage=function(e){var t=e.data;if((t||t.secret||t.message||t.value)&&!\/[^a-zA-Z0-9]\/.test(t.secret)){for(var s,r,n,a=l.querySelectorAll('iframe[data-secret=\"'+t.secret+'\"]'),o=l.querySelectorAll('blockquote[data-secret=\"'+t.secret+'\"]'),c=new RegExp(\"^https?:$\",\"i\"),i=0;i<o.length;i++)o[i].style.display=\"none\";for(i=0;i<a.length;i++)s=a[i],e.source===s.contentWindow&&(s.removeAttribute(\"style\"),\"height\"===t.message?(1e3<(r=parseInt(t.value,10))?r=1e3:~~r<200&&(r=200),s.height=r):\"link\"===t.message&&(r=new URL(s.getAttribute(\"src\")),n=new URL(t.value),c.test(n.protocol))&&n.host===r.host&&l.activeElement===s&&(d.top.location.href=t.value))}},d.addEventListener(\"message\",d.wp.receiveEmbedMessage,!1),l.addEventListener(\"DOMContentLoaded\",function(){for(var e,t,s=l.querySelectorAll(\"iframe.wp-embedded-content\"),r=0;r<s.length;r++)(t=(e=s[r]).getAttribute(\"data-secret\"))||(t=Math.random().toString(36).substring(2,12),e.src+=\"#?secret=\"+t,e.setAttribute(\"data-secret\",t)),e.contentWindow.postMessage({message:\"ready\",secret:t},\"*\")},!1)))}(window,document);\n\/\/# sourceURL=https:\/\/www.santacombanamemoria.eu\/sc\/wp-includes\/js\/wp-embed.min.js\n\/* ]]> *\/\n<\/script>\n","description":"Foi empresario, Xu\u00edz de Paz, encargado de quintas, funcionario e un dos m\u00e1is m\u00edticos xestores deportivos no f\u00fatbol da Costa da Morte \u00f3 fronte do Xallas F.C., non solo polos resultados deportivos do club que presid\u00eda sen\u00f3n tam\u00e9n polos m\u00e9todos de xesti\u00f3n utilizados propios do s\u00e9culo XXI, reflexados incluso en diarios de prestixio da \u00e9poca. LEER M\u00c1S","thumbnail_url":"https:\/\/www.santacombanamemoria.eu\/sc\/wp-content\/uploads\/slider2\/Editorg_design_05-12-17--25.jpeg","thumbnail_width":1702,"thumbnail_height":680}

José Suárez Suárez - Santa Comba na Memoria

<blockquote class="wp-embedded-content" data-secret="Z3AqhiGN42"><a href="https://www.santacombanamemoria.eu/sc/index.php/jose-suarez-suarez/">José Suárez Suárez</a></blockquote><iframe sandbox="allow-scripts" security="restricted" src="https://www.santacombanamemoria.eu/sc/index.php/jose-suarez-suarez/embed/#?secret=Z3AqhiGN42" width="600" height="338" title="«José Suárez Suárez» — Santa Comba na Memoria" data-secret="Z3AqhiGN42" frameborder="0" marginwidth="0" marginheight="0" scrolling="no" class="wp-embedded-content"></iframe><script type="text/javascript">
/* <![CDATA[ */
/*! This file is auto-generated */
!function(d,l){"use strict";l.querySelector&&d.addEventListener&&"undefined"!=typeof URL&&(d.wp=d.wp||{},d.wp.receiveEmbedMessage||(d.wp.receiveEmbedMessage=function(e){var t=e.data;if((t||t.secret||t.message||t.value)&&!/[^a-zA-Z0-9]/.test(t.secret)){for(var s,r,n,a=l.querySelectorAll('iframe[data-secret="'+t.secret+'"]'),o=l.querySelectorAll('blockquote[data-secret="'+t.secret+'"]'),c=new RegExp("^https?:$","i"),i=0;i<o.length;i++)o[i].style.display="none";for(i=0;i<a.length;i++)s=a[i],e.source===s.contentWindow&&(s.removeAttribute("style"),"height"===t.message?(1e3<(r=parseInt(t.value,10))?r=1e3:~~r<200&&(r=200),s.height=r):"link"===t.message&&(r=new URL(s.getAttribute("src")),n=new URL(t.value),c.test(n.protocol))&&n.host===r.host&&l.activeElement===s&&(d.top.location.href=t.value))}},d.addEventListener("message",d.wp.receiveEmbedMessage,!1),l.addEventListener("DOMContentLoaded",function(){for(var e,t,s=l.querySelectorAll("iframe.wp-embedded-content"),r=0;r<s.length;r++)(t=(e=s[r]).getAttribute("data-secret"))||(t=Math.random().toString(36).substring(2,12),e.src+="#?secret="+t,e.setAttribute("data-secret",t)),e.contentWindow.postMessage({message:"ready",secret:t},"*")},!1)))}(window,document);
//# sourceURL=https://www.santacombanamemoria.eu/sc/wp-includes/js/wp-embed.min.js
/* ]]> */
</script>

Foi empresario, Xuíz de Paz, encargado de quintas, funcionario e un dos máis míticos xestores deportivos no fútbol da Costa da Morte ó fronte do Xallas F.C., non solo polos resultados deportivos do club que presidía senón tamén polos métodos de xestión utilizados propios do século XXI, reflexados incluso en diarios de prestixio da época. LEER MÁS
