{"version":"1.0","provider_name":"Santa Comba na Memoria","provider_url":"https:\/\/www.santacombanamemoria.eu\/sc","author_name":"admin","author_url":"https:\/\/www.santacombanamemoria.eu\/sc\/index.php\/author\/admin_sc\/","title":"Prantas - Santa Comba na Memoria","type":"rich","width":600,"height":338,"html":"<blockquote class=\"wp-embedded-content\" data-secret=\"vIek0gIul2\"><a href=\"https:\/\/www.santacombanamemoria.eu\/sc\/index.php\/prantas\/\">Prantas<\/a><\/blockquote><iframe sandbox=\"allow-scripts\" security=\"restricted\" src=\"https:\/\/www.santacombanamemoria.eu\/sc\/index.php\/prantas\/embed\/#?secret=vIek0gIul2\" width=\"600\" height=\"338\" title=\"\u00abPrantas\u00bb \u2014 Santa Comba na Memoria\" data-secret=\"vIek0gIul2\" frameborder=\"0\" marginwidth=\"0\" marginheight=\"0\" scrolling=\"no\" class=\"wp-embedded-content\"><\/iframe><script type=\"text\/javascript\">\n\/* <![CDATA[ *\/\n\/*! This file is auto-generated *\/\n!function(d,l){\"use strict\";l.querySelector&&d.addEventListener&&\"undefined\"!=typeof URL&&(d.wp=d.wp||{},d.wp.receiveEmbedMessage||(d.wp.receiveEmbedMessage=function(e){var t=e.data;if((t||t.secret||t.message||t.value)&&!\/[^a-zA-Z0-9]\/.test(t.secret)){for(var s,r,n,a=l.querySelectorAll('iframe[data-secret=\"'+t.secret+'\"]'),o=l.querySelectorAll('blockquote[data-secret=\"'+t.secret+'\"]'),c=new RegExp(\"^https?:$\",\"i\"),i=0;i<o.length;i++)o[i].style.display=\"none\";for(i=0;i<a.length;i++)s=a[i],e.source===s.contentWindow&&(s.removeAttribute(\"style\"),\"height\"===t.message?(1e3<(r=parseInt(t.value,10))?r=1e3:~~r<200&&(r=200),s.height=r):\"link\"===t.message&&(r=new URL(s.getAttribute(\"src\")),n=new URL(t.value),c.test(n.protocol))&&n.host===r.host&&l.activeElement===s&&(d.top.location.href=t.value))}},d.addEventListener(\"message\",d.wp.receiveEmbedMessage,!1),l.addEventListener(\"DOMContentLoaded\",function(){for(var e,t,s=l.querySelectorAll(\"iframe.wp-embedded-content\"),r=0;r<s.length;r++)(t=(e=s[r]).getAttribute(\"data-secret\"))||(t=Math.random().toString(36).substring(2,12),e.src+=\"#?secret=\"+t,e.setAttribute(\"data-secret\",t)),e.contentWindow.postMessage({message:\"ready\",secret:t},\"*\")},!1)))}(window,document);\n\/\/# sourceURL=https:\/\/www.santacombanamemoria.eu\/sc\/wp-includes\/js\/wp-embed.min.js\n\/* ]]> *\/\n<\/script>\n","description":"Nome galego Nome castel\u00e1n Nome cient\u00edfico Familia Abeloura, Herba das feridas, Herba de San Xoan, Espantademos, Peric\u00f3n, Milfurada Hierba de San Juan, Corazoncillo, Hip\u00e9rico Hypericum perforatum Hiperic\u00e1ceas, Gut\u00edferas Abr\u00f3tano Abr\u00f3tano, Boja Artemisa abrotanum Compostas Abr\u00f3tega Gamonita Asphodelus fistolusos Lili\u00e1ceas Abr\u00f3tega, Bellota, Brotia Gam\u00f3n, Gamonita, Asfodelo Asphodelus albus Lili\u00e1ceas Abru\u00f1eiro, Ameixeira brava Endrino Prunus spinosa Ros\u00e1ceas LEER M\u00c1S","thumbnail_url":"https:\/\/www.santacombanamemoria.eu\/sc\/wp-content\/uploads\/slider2\/Editorg_design_05-12-17--25.jpeg","thumbnail_width":1702,"thumbnail_height":680}

Nome galego Nome castelán Nome científico Familia Abeloura, Herba das feridas, Herba de San Xoan, Espantademos, Pericón, Milfurada Hierba de San Juan, Corazoncillo, Hipérico Hypericum perforatum Hipericáceas, Gutíferas Abrótano Abrótano, Boja Artemisa abrotanum Compostas Abrótega Gamonita Asphodelus fistolusos Liliáceas Abrótega, Bellota, Brotia Gamón, Gamonita, Asfodelo Asphodelus albus Liliáceas Abruñeiro, Ameixeira brava Endrino Prunus spinosa Rosáceas LEER MÁS
