{"id":271,"date":"2024-09-21T12:03:09","date_gmt":"2024-09-21T12:03:09","guid":{"rendered":"https:\/\/anxovarela.es\/sc\/?page_id=271"},"modified":"2024-10-07T07:26:37","modified_gmt":"2024-10-07T07:26:37","slug":"carlos-negreira-souto","status":"publish","type":"page","link":"https:\/\/www.santacombanamemoria.eu\/sc\/index.php\/carlos-negreira-souto\/","title":{"rendered":"Carlos Negreira Souto"},"content":{"rendered":"\n<p>Naceu o 16 de xullo de 1.960, e fixoo como moitos outros fillos de xalleiros emigrantes en R\u00edo de Janeiro (Brasil), donde Santa Comba conta cunha importante colonia de veci\u00f1os e descendentes, ata o punto de que ambos municipio est\u00e1n irmandados. \u00d3 cumplir os 3 anos regresou a Galicia establecendose na Coru\u00f1a, que se convirte na cidade de destino para \u00e9l e a s\u00faa familia e donde estudiou no vello colexio dos Maristas na r\u00faa Teresa Herrera. Posteriormente licenciouse en Dereito pola Universidade de Santiago. Ten unha ampla traxectoria pol\u00edtica na filas do Partido Popular.<\/p>\n\n\n\nngg_shortcode_0_placeholder\n","protected":false},"excerpt":{"rendered":"<p>Naceu o 16 de xullo de 1.960, e fixoo como moitos outros fillos de xalleiros emigrantes en R\u00edo de Janeiro (Brasil), donde Santa Comba conta cunha importante colonia de veci\u00f1os e descendentes, ata o punto de que ambos municipio est\u00e1n irmandados. \u00d3 cumplir os 3 anos regresou a Galicia establecendose na Coru\u00f1a, que se convirte <a class=\"read-more\" href=\"https:\/\/www.santacombanamemoria.eu\/sc\/index.php\/carlos-negreira-souto\/\">LEER M\u00c1S<\/a><\/p>\n","protected":false},"author":1,"featured_media":0,"parent":0,"menu_order":0,"comment_status":"closed","ping_status":"closed","template":"","meta":{"_eb_attr":"","ngg_post_thumbnail":0,"footnotes":""},"class_list":["post-271","page","type-page","status-publish","hentry"],"yoast_head":"<!-- This site is optimized with the Yoast SEO plugin v27.3 - https:\/\/yoast.com\/product\/yoast-seo-wordpress\/ -->\n<title>Carlos Negreira Souto - Santa Comba na Memoria<\/title>\n<meta name=\"robots\" content=\"index, follow, max-snippet:-1, max-image-preview:large, max-video-preview:-1\" \/>\n<link rel=\"canonical\" href=\"https:\/\/www.santacombanamemoria.eu\/sc\/index.php\/carlos-negreira-souto\/\" \/>\n<meta property=\"og:locale\" content=\"es_ES\" \/>\n<meta property=\"og:type\" content=\"article\" \/>\n<meta property=\"og:title\" content=\"Carlos Negreira Souto - Santa Comba na Memoria\" \/>\n<meta property=\"og:description\" content=\"Naceu o 16 de xullo de 1.960, e fixoo como moitos outros fillos de xalleiros emigrantes en R\u00edo de Janeiro (Brasil), donde Santa Comba conta cunha importante colonia de veci\u00f1os e descendentes, ata o punto de que ambos municipio est\u00e1n irmandados. \u00d3 cumplir os 3 anos regresou a Galicia establecendose na Coru\u00f1a, que se convirte LEER M\u00c1S\" \/>\n<meta property=\"og:url\" content=\"https:\/\/www.santacombanamemoria.eu\/sc\/index.php\/carlos-negreira-souto\/\" \/>\n<meta property=\"og:site_name\" content=\"Santa Comba na Memoria\" \/>\n<meta property=\"article:modified_time\" content=\"2024-10-07T07:26:37+00:00\" \/>\n<meta property=\"og:image\" content=\"https:\/\/www.santacombanamemoria.eu\/sc\/wp-content\/uploads\/slider2\/Editorg_design_05-12-17--25.jpeg\" \/>\n\t<meta property=\"og:image:width\" content=\"1702\" \/>\n\t<meta property=\"og:image:height\" content=\"680\" \/>\n\t<meta property=\"og:image:type\" content=\"image\/jpeg\" \/>\n<meta name=\"twitter:card\" content=\"summary_large_image\" \/>\n<meta name=\"twitter:label1\" content=\"Tiempo de lectura\" \/>\n\t<meta name=\"twitter:data1\" content=\"1 minuto\" \/>\n<script type=\"application\/ld+json\" class=\"yoast-schema-graph\">{\"@context\":\"https:\\\/\\\/schema.org\",\"@graph\":[{\"@type\":\"WebPage\",\"@id\":\"https:\\\/\\\/www.santacombanamemoria.eu\\\/sc\\\/index.php\\\/carlos-negreira-souto\\\/\",\"url\":\"https:\\\/\\\/www.santacombanamemoria.eu\\\/sc\\\/index.php\\\/carlos-negreira-souto\\\/\",\"name\":\"Carlos Negreira Souto - Santa Comba na Memoria\",\"isPartOf\":{\"@id\":\"https:\\\/\\\/www.santacombanamemoria.eu\\\/sc\\\/#website\"},\"datePublished\":\"2024-09-21T12:03:09+00:00\",\"dateModified\":\"2024-10-07T07:26:37+00:00\",\"breadcrumb\":{\"@id\":\"https:\\\/\\\/www.santacombanamemoria.eu\\\/sc\\\/index.php\\\/carlos-negreira-souto\\\/#breadcrumb\"},\"inLanguage\":\"es\",\"potentialAction\":[{\"@type\":\"ReadAction\",\"target\":[\"https:\\\/\\\/www.santacombanamemoria.eu\\\/sc\\\/index.php\\\/carlos-negreira-souto\\\/\"]}]},{\"@type\":\"BreadcrumbList\",\"@id\":\"https:\\\/\\\/www.santacombanamemoria.eu\\\/sc\\\/index.php\\\/carlos-negreira-souto\\\/#breadcrumb\",\"itemListElement\":[{\"@type\":\"ListItem\",\"position\":1,\"name\":\"Portada\",\"item\":\"https:\\\/\\\/www.santacombanamemoria.eu\\\/sc\\\/\"},{\"@type\":\"ListItem\",\"position\":2,\"name\":\"Carlos Negreira Souto\"}]},{\"@type\":\"WebSite\",\"@id\":\"https:\\\/\\\/www.santacombanamemoria.eu\\\/sc\\\/#website\",\"url\":\"https:\\\/\\\/www.santacombanamemoria.eu\\\/sc\\\/\",\"name\":\"Santa Comba na Memoria\",\"description\":\"Unha fiestra ao pasado dende o ano 1900\",\"publisher\":{\"@id\":\"https:\\\/\\\/www.santacombanamemoria.eu\\\/sc\\\/#organization\"},\"alternateName\":\"Historia fotogr\u00e1fica do concello de Santa Comba\",\"potentialAction\":[{\"@type\":\"SearchAction\",\"target\":{\"@type\":\"EntryPoint\",\"urlTemplate\":\"https:\\\/\\\/www.santacombanamemoria.eu\\\/sc\\\/?s={search_term_string}\"},\"query-input\":{\"@type\":\"PropertyValueSpecification\",\"valueRequired\":true,\"valueName\":\"search_term_string\"}}],\"inLanguage\":\"es\"},{\"@type\":\"Organization\",\"@id\":\"https:\\\/\\\/www.santacombanamemoria.eu\\\/sc\\\/#organization\",\"name\":\"Santa Comba na Memoria\",\"alternateName\":\"Santa Comba na Memoria\",\"url\":\"https:\\\/\\\/www.santacombanamemoria.eu\\\/sc\\\/\",\"logo\":{\"@type\":\"ImageObject\",\"inLanguage\":\"es\",\"@id\":\"https:\\\/\\\/www.santacombanamemoria.eu\\\/sc\\\/#\\\/schema\\\/logo\\\/image\\\/\",\"url\":\"https:\\\/\\\/www.santacombanamemoria.eu\\\/sc\\\/wp-content\\\/uploads\\\/slider2\\\/Editorg_design_05-12-17--25.jpeg\",\"contentUrl\":\"https:\\\/\\\/www.santacombanamemoria.eu\\\/sc\\\/wp-content\\\/uploads\\\/slider2\\\/Editorg_design_05-12-17--25.jpeg\",\"width\":1702,\"height\":680,\"caption\":\"Santa Comba na Memoria\"},\"image\":{\"@id\":\"https:\\\/\\\/www.santacombanamemoria.eu\\\/sc\\\/#\\\/schema\\\/logo\\\/image\\\/\"}}]}<\/script>\n<!-- \/ Yoast SEO plugin. -->","yoast_head_json":{"title":"Carlos Negreira Souto - Santa Comba na Memoria","robots":{"index":"index","follow":"follow","max-snippet":"max-snippet:-1","max-image-preview":"max-image-preview:large","max-video-preview":"max-video-preview:-1"},"canonical":"https:\/\/www.santacombanamemoria.eu\/sc\/index.php\/carlos-negreira-souto\/","og_locale":"es_ES","og_type":"article","og_title":"Carlos Negreira Souto - Santa Comba na Memoria","og_description":"Naceu o 16 de xullo de 1.960, e fixoo como moitos outros fillos de xalleiros emigrantes en R\u00edo de Janeiro (Brasil), donde Santa Comba conta cunha importante colonia de veci\u00f1os e descendentes, ata o punto de que ambos municipio est\u00e1n irmandados. \u00d3 cumplir os 3 anos regresou a Galicia establecendose na Coru\u00f1a, que se convirte LEER M\u00c1S","og_url":"https:\/\/www.santacombanamemoria.eu\/sc\/index.php\/carlos-negreira-souto\/","og_site_name":"Santa Comba na Memoria","article_modified_time":"2024-10-07T07:26:37+00:00","og_image":[{"width":1702,"height":680,"url":"https:\/\/www.santacombanamemoria.eu\/sc\/wp-content\/uploads\/slider2\/Editorg_design_05-12-17--25.jpeg","type":"image\/jpeg"}],"twitter_card":"summary_large_image","twitter_misc":{"Tiempo de lectura":"1 minuto"},"schema":{"@context":"https:\/\/schema.org","@graph":[{"@type":"WebPage","@id":"https:\/\/www.santacombanamemoria.eu\/sc\/index.php\/carlos-negreira-souto\/","url":"https:\/\/www.santacombanamemoria.eu\/sc\/index.php\/carlos-negreira-souto\/","name":"Carlos Negreira Souto - Santa Comba na Memoria","isPartOf":{"@id":"https:\/\/www.santacombanamemoria.eu\/sc\/#website"},"datePublished":"2024-09-21T12:03:09+00:00","dateModified":"2024-10-07T07:26:37+00:00","breadcrumb":{"@id":"https:\/\/www.santacombanamemoria.eu\/sc\/index.php\/carlos-negreira-souto\/#breadcrumb"},"inLanguage":"es","potentialAction":[{"@type":"ReadAction","target":["https:\/\/www.santacombanamemoria.eu\/sc\/index.php\/carlos-negreira-souto\/"]}]},{"@type":"BreadcrumbList","@id":"https:\/\/www.santacombanamemoria.eu\/sc\/index.php\/carlos-negreira-souto\/#breadcrumb","itemListElement":[{"@type":"ListItem","position":1,"name":"Portada","item":"https:\/\/www.santacombanamemoria.eu\/sc\/"},{"@type":"ListItem","position":2,"name":"Carlos Negreira Souto"}]},{"@type":"WebSite","@id":"https:\/\/www.santacombanamemoria.eu\/sc\/#website","url":"https:\/\/www.santacombanamemoria.eu\/sc\/","name":"Santa Comba na Memoria","description":"Unha fiestra ao pasado dende o ano 1900","publisher":{"@id":"https:\/\/www.santacombanamemoria.eu\/sc\/#organization"},"alternateName":"Historia fotogr\u00e1fica do concello de Santa Comba","potentialAction":[{"@type":"SearchAction","target":{"@type":"EntryPoint","urlTemplate":"https:\/\/www.santacombanamemoria.eu\/sc\/?s={search_term_string}"},"query-input":{"@type":"PropertyValueSpecification","valueRequired":true,"valueName":"search_term_string"}}],"inLanguage":"es"},{"@type":"Organization","@id":"https:\/\/www.santacombanamemoria.eu\/sc\/#organization","name":"Santa Comba na Memoria","alternateName":"Santa Comba na Memoria","url":"https:\/\/www.santacombanamemoria.eu\/sc\/","logo":{"@type":"ImageObject","inLanguage":"es","@id":"https:\/\/www.santacombanamemoria.eu\/sc\/#\/schema\/logo\/image\/","url":"https:\/\/www.santacombanamemoria.eu\/sc\/wp-content\/uploads\/slider2\/Editorg_design_05-12-17--25.jpeg","contentUrl":"https:\/\/www.santacombanamemoria.eu\/sc\/wp-content\/uploads\/slider2\/Editorg_design_05-12-17--25.jpeg","width":1702,"height":680,"caption":"Santa Comba na Memoria"},"image":{"@id":"https:\/\/www.santacombanamemoria.eu\/sc\/#\/schema\/logo\/image\/"}}]}},"jetpack_sharing_enabled":true,"_links":{"self":[{"href":"https:\/\/www.santacombanamemoria.eu\/sc\/index.php\/wp-json\/wp\/v2\/pages\/271","targetHints":{"allow":["GET"]}}],"collection":[{"href":"https:\/\/www.santacombanamemoria.eu\/sc\/index.php\/wp-json\/wp\/v2\/pages"}],"about":[{"href":"https:\/\/www.santacombanamemoria.eu\/sc\/index.php\/wp-json\/wp\/v2\/types\/page"}],"author":[{"embeddable":true,"href":"https:\/\/www.santacombanamemoria.eu\/sc\/index.php\/wp-json\/wp\/v2\/users\/1"}],"replies":[{"embeddable":true,"href":"https:\/\/www.santacombanamemoria.eu\/sc\/index.php\/wp-json\/wp\/v2\/comments?post=271"}],"version-history":[{"count":4,"href":"https:\/\/www.santacombanamemoria.eu\/sc\/index.php\/wp-json\/wp\/v2\/pages\/271\/revisions"}],"predecessor-version":[{"id":2772,"href":"https:\/\/www.santacombanamemoria.eu\/sc\/index.php\/wp-json\/wp\/v2\/pages\/271\/revisions\/2772"}],"wp:attachment":[{"href":"https:\/\/www.santacombanamemoria.eu\/sc\/index.php\/wp-json\/wp\/v2\/media?parent=271"}],"curies":[{"name":"wp","href":"https:\/\/api.w.org\/{rel}","templated":true}]}}

<p>Naceu o 16 de xullo de 1.960, e fixoo como moitos outros fillos de xalleiros emigrantes en Río de Janeiro (Brasil), donde Santa Comba conta cunha importante colonia de veciños e descendentes, ata o punto de que ambos municipio están irmandados. Ó cumplir os 3 anos regresou a Galicia establecendose na Coruña, que se convirte na cidade de destino para él e a súa familia e donde estudiou no vello colexio dos Maristas na rúa Teresa Herrera. Posteriormente licenciouse en Dereito pola Universidade de Santiago. Ten unha ampla traxectoria política na filas do Partido Popular.</p>



ngg_shortcode_0_placeholder

<p>Naceu o 16 de xullo de 1.960, e fixoo como moitos outros fillos de xalleiros emigrantes en Río de Janeiro (Brasil), donde Santa Comba conta cunha importante colonia de veciños e descendentes, ata o punto de que ambos municipio están irmandados. Ó cumplir os 3 anos regresou a Galicia establecendose na Coruña, que se convirte <a class="read-more" href="https://www.santacombanamemoria.eu/sc/index.php/carlos-negreira-souto/">LEER MÁS</a></p>

<!-- This site is optimized with the Yoast SEO plugin v27.3 - https://yoast.com/product/yoast-seo-wordpress/ -->
<title>Carlos Negreira Souto - Santa Comba na Memoria</title>
<meta name="robots" content="index, follow, max-snippet:-1, max-image-preview:large, max-video-preview:-1" />
<link rel="canonical" href="https://www.santacombanamemoria.eu/sc/index.php/carlos-negreira-souto/" />
<meta property="og:locale" content="es_ES" />
<meta property="og:type" content="article" />
<meta property="og:title" content="Carlos Negreira Souto - Santa Comba na Memoria" />
<meta property="og:description" content="Naceu o 16 de xullo de 1.960, e fixoo como moitos outros fillos de xalleiros emigrantes en Río de Janeiro (Brasil), donde Santa Comba conta cunha importante colonia de veciños e descendentes, ata o punto de que ambos municipio están irmandados. Ó cumplir os 3 anos regresou a Galicia establecendose na Coruña, que se convirte LEER MÁS" />
<meta property="og:url" content="https://www.santacombanamemoria.eu/sc/index.php/carlos-negreira-souto/" />
<meta property="og:site_name" content="Santa Comba na Memoria" />
<meta property="article:modified_time" content="2024-10-07T07:26:37+00:00" />
<meta property="og:image" content="https://www.santacombanamemoria.eu/sc/wp-content/uploads/slider2/Editorg_design_05-12-17--25.jpeg" />
	<meta property="og:image:width" content="1702" />
	<meta property="og:image:height" content="680" />
	<meta property="og:image:type" content="image/jpeg" />
<meta name="twitter:card" content="summary_large_image" />
<meta name="twitter:label1" content="Tiempo de lectura" />
	<meta name="twitter:data1" content="1 minuto" />
<script type="application/ld+json" class="yoast-schema-graph">{"@context":"https:\/\/schema.org","@graph":[{"@type":"WebPage","@id":"https:\/\/www.santacombanamemoria.eu\/sc\/index.php\/carlos-negreira-souto\/","url":"https:\/\/www.santacombanamemoria.eu\/sc\/index.php\/carlos-negreira-souto\/","name":"Carlos Negreira Souto - Santa Comba na Memoria","isPartOf":{"@id":"https:\/\/www.santacombanamemoria.eu\/sc\/#website"},"datePublished":"2024-09-21T12:03:09+00:00","dateModified":"2024-10-07T07:26:37+00:00","breadcrumb":{"@id":"https:\/\/www.santacombanamemoria.eu\/sc\/index.php\/carlos-negreira-souto\/#breadcrumb"},"inLanguage":"es","potentialAction":[{"@type":"ReadAction","target":["https:\/\/www.santacombanamemoria.eu\/sc\/index.php\/carlos-negreira-souto\/"]}]},{"@type":"BreadcrumbList","@id":"https:\/\/www.santacombanamemoria.eu\/sc\/index.php\/carlos-negreira-souto\/#breadcrumb","itemListElement":[{"@type":"ListItem","position":1,"name":"Portada","item":"https:\/\/www.santacombanamemoria.eu\/sc\/"},{"@type":"ListItem","position":2,"name":"Carlos Negreira Souto"}]},{"@type":"WebSite","@id":"https:\/\/www.santacombanamemoria.eu\/sc\/#website","url":"https:\/\/www.santacombanamemoria.eu\/sc\/","name":"Santa Comba na Memoria","description":"Unha fiestra ao pasado dende o ano 1900","publisher":{"@id":"https:\/\/www.santacombanamemoria.eu\/sc\/#organization"},"alternateName":"Historia fotográfica do concello de Santa Comba","potentialAction":[{"@type":"SearchAction","target":{"@type":"EntryPoint","urlTemplate":"https:\/\/www.santacombanamemoria.eu\/sc\/?s={search_term_string}"},"query-input":{"@type":"PropertyValueSpecification","valueRequired":true,"valueName":"search_term_string"}}],"inLanguage":"es"},{"@type":"Organization","@id":"https:\/\/www.santacombanamemoria.eu\/sc\/#organization","name":"Santa Comba na Memoria","alternateName":"Santa Comba na Memoria","url":"https:\/\/www.santacombanamemoria.eu\/sc\/","logo":{"@type":"ImageObject","inLanguage":"es","@id":"https:\/\/www.santacombanamemoria.eu\/sc\/#\/schema\/logo\/image\/","url":"https:\/\/www.santacombanamemoria.eu\/sc\/wp-content\/uploads\/slider2\/Editorg_design_05-12-17--25.jpeg","contentUrl":"https:\/\/www.santacombanamemoria.eu\/sc\/wp-content\/uploads\/slider2\/Editorg_design_05-12-17--25.jpeg","width":1702,"height":680,"caption":"Santa Comba na Memoria"},"image":{"@id":"https:\/\/www.santacombanamemoria.eu\/sc\/#\/schema\/logo\/image\/"}}]}</script>
<!-- / Yoast SEO plugin. -->

Naceu o 16 de xullo de 1.960, e fixoo como moitos outros fillos de xalleiros emigrantes en Río de Janeiro (Brasil), donde Santa Comba conta cunha importante colonia de veciños e descendentes, ata o punto de que ambos municipio están irmandados. Ó cumplir os 3 anos regresou a Galicia establecendose na Coruña, que se convirte LEER MÁS

Historia fotográfica do concello de Santa Comba
