{"id":323,"date":"2024-09-21T12:06:29","date_gmt":"2024-09-21T12:06:29","guid":{"rendered":"https:\/\/anxovarela.es\/sc\/?page_id=323"},"modified":"2024-10-07T08:25:51","modified_gmt":"2024-10-07T08:25:51","slug":"jose-suarez-suarez","status":"publish","type":"page","link":"https:\/\/www.santacombanamemoria.eu\/sc\/index.php\/jose-suarez-suarez\/","title":{"rendered":"Jos\u00e9 Su\u00e1rez Su\u00e1rez"},"content":{"rendered":"\n<p>Foi empresario, Xu\u00edz de Paz, encargado de quintas, funcionario e un dos m\u00e1is m\u00edticos xestores deportivos no f\u00fatbol da Costa da Morte \u00f3 fronte do Xallas F.C., non solo polos resultados deportivos do club que presid\u00eda sen\u00f3n tam\u00e9n polos m\u00e9todos de xesti\u00f3n utilizados propios do s\u00e9culo XXI, reflexados incluso en diarios de prestixio da \u00e9poca. Como empresario est\u00e1 considerado como o verdadeiro art\u00edfice da emigraci\u00f3n Xalleira e concellos limitrofes cara a Am\u00e9rica, especialmente cara Brasil. Xestionou un dos primeiros bancos que se estableceron na localidade, o de Hijos de Olimpio P\u00e9rez, e na casa na que na viviu ata a s\u00faa morte estableceuse o tel\u00e9grafo \u00c9 socio fundador e presidente honor\u00edfico do Xallas F.C. e o \u00fanico membro do clube que ten a insignia de ouro do clube. Conta coa insignia de reco\u00f1ecemento o m\u00e9rito da Federaci\u00f3n Galega de F\u00fatbol e do Col\u00e9xio Galego de \u00c1rbitros. O Concello de Santa Comba concedeulle o galard\u00f3n deportivo no apartado \u201cToda unha vida\u201d nun reco\u00f1ecemento a persoeiros locais destados no seu papel de promoci\u00f3n no deporte .<\/p>\n\n\n\nngg_shortcode_0_placeholder\n","protected":false},"excerpt":{"rendered":"<p>Foi empresario, Xu\u00edz de Paz, encargado de quintas, funcionario e un dos m\u00e1is m\u00edticos xestores deportivos no f\u00fatbol da Costa da Morte \u00f3 fronte do Xallas F.C., non solo polos resultados deportivos do club que presid\u00eda sen\u00f3n tam\u00e9n polos m\u00e9todos de xesti\u00f3n utilizados propios do s\u00e9culo XXI, reflexados incluso en diarios de prestixio da \u00e9poca. <a class=\"read-more\" href=\"https:\/\/www.santacombanamemoria.eu\/sc\/index.php\/jose-suarez-suarez\/\">LEER M\u00c1S<\/a><\/p>\n","protected":false},"author":1,"featured_media":0,"parent":0,"menu_order":0,"comment_status":"closed","ping_status":"closed","template":"","meta":{"_eb_attr":"","ngg_post_thumbnail":0,"footnotes":""},"class_list":["post-323","page","type-page","status-publish","hentry"],"yoast_head":"<!-- This site is optimized with the Yoast SEO plugin v27.3 - https:\/\/yoast.com\/product\/yoast-seo-wordpress\/ -->\n<title>Jos\u00e9 Su\u00e1rez Su\u00e1rez - Santa Comba na Memoria<\/title>\n<meta name=\"robots\" content=\"index, follow, max-snippet:-1, max-image-preview:large, max-video-preview:-1\" \/>\n<link rel=\"canonical\" href=\"https:\/\/www.santacombanamemoria.eu\/sc\/index.php\/jose-suarez-suarez\/\" \/>\n<meta property=\"og:locale\" content=\"es_ES\" \/>\n<meta property=\"og:type\" content=\"article\" \/>\n<meta property=\"og:title\" content=\"Jos\u00e9 Su\u00e1rez Su\u00e1rez - Santa Comba na Memoria\" \/>\n<meta property=\"og:description\" content=\"Foi empresario, Xu\u00edz de Paz, encargado de quintas, funcionario e un dos m\u00e1is m\u00edticos xestores deportivos no f\u00fatbol da Costa da Morte \u00f3 fronte do Xallas F.C., non solo polos resultados deportivos do club que presid\u00eda sen\u00f3n tam\u00e9n polos m\u00e9todos de xesti\u00f3n utilizados propios do s\u00e9culo XXI, reflexados incluso en diarios de prestixio da \u00e9poca. LEER M\u00c1S\" \/>\n<meta property=\"og:url\" content=\"https:\/\/www.santacombanamemoria.eu\/sc\/index.php\/jose-suarez-suarez\/\" \/>\n<meta property=\"og:site_name\" content=\"Santa Comba na Memoria\" \/>\n<meta property=\"article:modified_time\" content=\"2024-10-07T08:25:51+00:00\" \/>\n<meta property=\"og:image\" content=\"https:\/\/www.santacombanamemoria.eu\/sc\/wp-content\/uploads\/slider2\/Editorg_design_05-12-17--25.jpeg\" \/>\n\t<meta property=\"og:image:width\" content=\"1702\" \/>\n\t<meta property=\"og:image:height\" content=\"680\" \/>\n\t<meta property=\"og:image:type\" content=\"image\/jpeg\" \/>\n<meta name=\"twitter:card\" content=\"summary_large_image\" \/>\n<meta name=\"twitter:label1\" content=\"Tiempo de lectura\" \/>\n\t<meta name=\"twitter:data1\" content=\"1 minuto\" \/>\n<script type=\"application\/ld+json\" class=\"yoast-schema-graph\">{\"@context\":\"https:\\\/\\\/schema.org\",\"@graph\":[{\"@type\":\"WebPage\",\"@id\":\"https:\\\/\\\/www.santacombanamemoria.eu\\\/sc\\\/index.php\\\/jose-suarez-suarez\\\/\",\"url\":\"https:\\\/\\\/www.santacombanamemoria.eu\\\/sc\\\/index.php\\\/jose-suarez-suarez\\\/\",\"name\":\"Jos\u00e9 Su\u00e1rez Su\u00e1rez - Santa Comba na Memoria\",\"isPartOf\":{\"@id\":\"https:\\\/\\\/www.santacombanamemoria.eu\\\/sc\\\/#website\"},\"datePublished\":\"2024-09-21T12:06:29+00:00\",\"dateModified\":\"2024-10-07T08:25:51+00:00\",\"breadcrumb\":{\"@id\":\"https:\\\/\\\/www.santacombanamemoria.eu\\\/sc\\\/index.php\\\/jose-suarez-suarez\\\/#breadcrumb\"},\"inLanguage\":\"es\",\"potentialAction\":[{\"@type\":\"ReadAction\",\"target\":[\"https:\\\/\\\/www.santacombanamemoria.eu\\\/sc\\\/index.php\\\/jose-suarez-suarez\\\/\"]}]},{\"@type\":\"BreadcrumbList\",\"@id\":\"https:\\\/\\\/www.santacombanamemoria.eu\\\/sc\\\/index.php\\\/jose-suarez-suarez\\\/#breadcrumb\",\"itemListElement\":[{\"@type\":\"ListItem\",\"position\":1,\"name\":\"Portada\",\"item\":\"https:\\\/\\\/www.santacombanamemoria.eu\\\/sc\\\/\"},{\"@type\":\"ListItem\",\"position\":2,\"name\":\"Jos\u00e9 Su\u00e1rez Su\u00e1rez\"}]},{\"@type\":\"WebSite\",\"@id\":\"https:\\\/\\\/www.santacombanamemoria.eu\\\/sc\\\/#website\",\"url\":\"https:\\\/\\\/www.santacombanamemoria.eu\\\/sc\\\/\",\"name\":\"Santa Comba na Memoria\",\"description\":\"Unha fiestra ao pasado dende o ano 1900\",\"publisher\":{\"@id\":\"https:\\\/\\\/www.santacombanamemoria.eu\\\/sc\\\/#organization\"},\"alternateName\":\"Historia fotogr\u00e1fica do concello de Santa Comba\",\"potentialAction\":[{\"@type\":\"SearchAction\",\"target\":{\"@type\":\"EntryPoint\",\"urlTemplate\":\"https:\\\/\\\/www.santacombanamemoria.eu\\\/sc\\\/?s={search_term_string}\"},\"query-input\":{\"@type\":\"PropertyValueSpecification\",\"valueRequired\":true,\"valueName\":\"search_term_string\"}}],\"inLanguage\":\"es\"},{\"@type\":\"Organization\",\"@id\":\"https:\\\/\\\/www.santacombanamemoria.eu\\\/sc\\\/#organization\",\"name\":\"Santa Comba na Memoria\",\"alternateName\":\"Santa Comba na Memoria\",\"url\":\"https:\\\/\\\/www.santacombanamemoria.eu\\\/sc\\\/\",\"logo\":{\"@type\":\"ImageObject\",\"inLanguage\":\"es\",\"@id\":\"https:\\\/\\\/www.santacombanamemoria.eu\\\/sc\\\/#\\\/schema\\\/logo\\\/image\\\/\",\"url\":\"https:\\\/\\\/www.santacombanamemoria.eu\\\/sc\\\/wp-content\\\/uploads\\\/slider2\\\/Editorg_design_05-12-17--25.jpeg\",\"contentUrl\":\"https:\\\/\\\/www.santacombanamemoria.eu\\\/sc\\\/wp-content\\\/uploads\\\/slider2\\\/Editorg_design_05-12-17--25.jpeg\",\"width\":1702,\"height\":680,\"caption\":\"Santa Comba na Memoria\"},\"image\":{\"@id\":\"https:\\\/\\\/www.santacombanamemoria.eu\\\/sc\\\/#\\\/schema\\\/logo\\\/image\\\/\"}}]}<\/script>\n<!-- \/ Yoast SEO plugin. -->","yoast_head_json":{"title":"Jos\u00e9 Su\u00e1rez Su\u00e1rez - Santa Comba na Memoria","robots":{"index":"index","follow":"follow","max-snippet":"max-snippet:-1","max-image-preview":"max-image-preview:large","max-video-preview":"max-video-preview:-1"},"canonical":"https:\/\/www.santacombanamemoria.eu\/sc\/index.php\/jose-suarez-suarez\/","og_locale":"es_ES","og_type":"article","og_title":"Jos\u00e9 Su\u00e1rez Su\u00e1rez - Santa Comba na Memoria","og_description":"Foi empresario, Xu\u00edz de Paz, encargado de quintas, funcionario e un dos m\u00e1is m\u00edticos xestores deportivos no f\u00fatbol da Costa da Morte \u00f3 fronte do Xallas F.C., non solo polos resultados deportivos do club que presid\u00eda sen\u00f3n tam\u00e9n polos m\u00e9todos de xesti\u00f3n utilizados propios do s\u00e9culo XXI, reflexados incluso en diarios de prestixio da \u00e9poca. LEER M\u00c1S","og_url":"https:\/\/www.santacombanamemoria.eu\/sc\/index.php\/jose-suarez-suarez\/","og_site_name":"Santa Comba na Memoria","article_modified_time":"2024-10-07T08:25:51+00:00","og_image":[{"width":1702,"height":680,"url":"https:\/\/www.santacombanamemoria.eu\/sc\/wp-content\/uploads\/slider2\/Editorg_design_05-12-17--25.jpeg","type":"image\/jpeg"}],"twitter_card":"summary_large_image","twitter_misc":{"Tiempo de lectura":"1 minuto"},"schema":{"@context":"https:\/\/schema.org","@graph":[{"@type":"WebPage","@id":"https:\/\/www.santacombanamemoria.eu\/sc\/index.php\/jose-suarez-suarez\/","url":"https:\/\/www.santacombanamemoria.eu\/sc\/index.php\/jose-suarez-suarez\/","name":"Jos\u00e9 Su\u00e1rez Su\u00e1rez - Santa Comba na Memoria","isPartOf":{"@id":"https:\/\/www.santacombanamemoria.eu\/sc\/#website"},"datePublished":"2024-09-21T12:06:29+00:00","dateModified":"2024-10-07T08:25:51+00:00","breadcrumb":{"@id":"https:\/\/www.santacombanamemoria.eu\/sc\/index.php\/jose-suarez-suarez\/#breadcrumb"},"inLanguage":"es","potentialAction":[{"@type":"ReadAction","target":["https:\/\/www.santacombanamemoria.eu\/sc\/index.php\/jose-suarez-suarez\/"]}]},{"@type":"BreadcrumbList","@id":"https:\/\/www.santacombanamemoria.eu\/sc\/index.php\/jose-suarez-suarez\/#breadcrumb","itemListElement":[{"@type":"ListItem","position":1,"name":"Portada","item":"https:\/\/www.santacombanamemoria.eu\/sc\/"},{"@type":"ListItem","position":2,"name":"Jos\u00e9 Su\u00e1rez Su\u00e1rez"}]},{"@type":"WebSite","@id":"https:\/\/www.santacombanamemoria.eu\/sc\/#website","url":"https:\/\/www.santacombanamemoria.eu\/sc\/","name":"Santa Comba na Memoria","description":"Unha fiestra ao pasado dende o ano 1900","publisher":{"@id":"https:\/\/www.santacombanamemoria.eu\/sc\/#organization"},"alternateName":"Historia fotogr\u00e1fica do concello de Santa Comba","potentialAction":[{"@type":"SearchAction","target":{"@type":"EntryPoint","urlTemplate":"https:\/\/www.santacombanamemoria.eu\/sc\/?s={search_term_string}"},"query-input":{"@type":"PropertyValueSpecification","valueRequired":true,"valueName":"search_term_string"}}],"inLanguage":"es"},{"@type":"Organization","@id":"https:\/\/www.santacombanamemoria.eu\/sc\/#organization","name":"Santa Comba na Memoria","alternateName":"Santa Comba na Memoria","url":"https:\/\/www.santacombanamemoria.eu\/sc\/","logo":{"@type":"ImageObject","inLanguage":"es","@id":"https:\/\/www.santacombanamemoria.eu\/sc\/#\/schema\/logo\/image\/","url":"https:\/\/www.santacombanamemoria.eu\/sc\/wp-content\/uploads\/slider2\/Editorg_design_05-12-17--25.jpeg","contentUrl":"https:\/\/www.santacombanamemoria.eu\/sc\/wp-content\/uploads\/slider2\/Editorg_design_05-12-17--25.jpeg","width":1702,"height":680,"caption":"Santa Comba na Memoria"},"image":{"@id":"https:\/\/www.santacombanamemoria.eu\/sc\/#\/schema\/logo\/image\/"}}]}},"jetpack_sharing_enabled":true,"_links":{"self":[{"href":"https:\/\/www.santacombanamemoria.eu\/sc\/index.php\/wp-json\/wp\/v2\/pages\/323","targetHints":{"allow":["GET"]}}],"collection":[{"href":"https:\/\/www.santacombanamemoria.eu\/sc\/index.php\/wp-json\/wp\/v2\/pages"}],"about":[{"href":"https:\/\/www.santacombanamemoria.eu\/sc\/index.php\/wp-json\/wp\/v2\/types\/page"}],"author":[{"embeddable":true,"href":"https:\/\/www.santacombanamemoria.eu\/sc\/index.php\/wp-json\/wp\/v2\/users\/1"}],"replies":[{"embeddable":true,"href":"https:\/\/www.santacombanamemoria.eu\/sc\/index.php\/wp-json\/wp\/v2\/comments?post=323"}],"version-history":[{"count":3,"href":"https:\/\/www.santacombanamemoria.eu\/sc\/index.php\/wp-json\/wp\/v2\/pages\/323\/revisions"}],"predecessor-version":[{"id":2624,"href":"https:\/\/www.santacombanamemoria.eu\/sc\/index.php\/wp-json\/wp\/v2\/pages\/323\/revisions\/2624"}],"wp:attachment":[{"href":"https:\/\/www.santacombanamemoria.eu\/sc\/index.php\/wp-json\/wp\/v2\/media?parent=323"}],"curies":[{"name":"wp","href":"https:\/\/api.w.org\/{rel}","templated":true}]}}

José Suárez Suárez

<p>Foi empresario, Xuíz de Paz, encargado de quintas, funcionario e un dos máis míticos xestores deportivos no fútbol da Costa da Morte ó fronte do Xallas F.C., non solo polos resultados deportivos do club que presidía senón tamén polos métodos de xestión utilizados propios do século XXI, reflexados incluso en diarios de prestixio da época. Como empresario está considerado como o verdadeiro artífice da emigración Xalleira e concellos limitrofes cara a América, especialmente cara Brasil. Xestionou un dos primeiros bancos que se estableceron na localidade, o de Hijos de Olimpio Pérez, e na casa na que na viviu ata a súa morte estableceuse o telégrafo É socio fundador e presidente honorífico do Xallas F.C. e o único membro do clube que ten a insignia de ouro do clube. Conta coa insignia de recoñecemento o mérito da Federación Galega de Fútbol e do Coléxio Galego de Árbitros. O Concello de Santa Comba concedeulle o galardón deportivo no apartado “Toda unha vida” nun recoñecemento a persoeiros locais destados no seu papel de promoción no deporte .</p>



ngg_shortcode_0_placeholder

<p>Foi empresario, Xuíz de Paz, encargado de quintas, funcionario e un dos máis míticos xestores deportivos no fútbol da Costa da Morte ó fronte do Xallas F.C., non solo polos resultados deportivos do club que presidía senón tamén polos métodos de xestión utilizados propios do século XXI, reflexados incluso en diarios de prestixio da época. <a class="read-more" href="https://www.santacombanamemoria.eu/sc/index.php/jose-suarez-suarez/">LEER MÁS</a></p>

<!-- This site is optimized with the Yoast SEO plugin v27.3 - https://yoast.com/product/yoast-seo-wordpress/ -->
<title>José Suárez Suárez - Santa Comba na Memoria</title>
<meta name="robots" content="index, follow, max-snippet:-1, max-image-preview:large, max-video-preview:-1" />
<link rel="canonical" href="https://www.santacombanamemoria.eu/sc/index.php/jose-suarez-suarez/" />
<meta property="og:locale" content="es_ES" />
<meta property="og:type" content="article" />
<meta property="og:title" content="José Suárez Suárez - Santa Comba na Memoria" />
<meta property="og:description" content="Foi empresario, Xuíz de Paz, encargado de quintas, funcionario e un dos máis míticos xestores deportivos no fútbol da Costa da Morte ó fronte do Xallas F.C., non solo polos resultados deportivos do club que presidía senón tamén polos métodos de xestión utilizados propios do século XXI, reflexados incluso en diarios de prestixio da época. LEER MÁS" />
<meta property="og:url" content="https://www.santacombanamemoria.eu/sc/index.php/jose-suarez-suarez/" />
<meta property="og:site_name" content="Santa Comba na Memoria" />
<meta property="article:modified_time" content="2024-10-07T08:25:51+00:00" />
<meta property="og:image" content="https://www.santacombanamemoria.eu/sc/wp-content/uploads/slider2/Editorg_design_05-12-17--25.jpeg" />
	<meta property="og:image:width" content="1702" />
	<meta property="og:image:height" content="680" />
	<meta property="og:image:type" content="image/jpeg" />
<meta name="twitter:card" content="summary_large_image" />
<meta name="twitter:label1" content="Tiempo de lectura" />
	<meta name="twitter:data1" content="1 minuto" />
<script type="application/ld+json" class="yoast-schema-graph">{"@context":"https:\/\/schema.org","@graph":[{"@type":"WebPage","@id":"https:\/\/www.santacombanamemoria.eu\/sc\/index.php\/jose-suarez-suarez\/","url":"https:\/\/www.santacombanamemoria.eu\/sc\/index.php\/jose-suarez-suarez\/","name":"José Suárez Suárez - Santa Comba na Memoria","isPartOf":{"@id":"https:\/\/www.santacombanamemoria.eu\/sc\/#website"},"datePublished":"2024-09-21T12:06:29+00:00","dateModified":"2024-10-07T08:25:51+00:00","breadcrumb":{"@id":"https:\/\/www.santacombanamemoria.eu\/sc\/index.php\/jose-suarez-suarez\/#breadcrumb"},"inLanguage":"es","potentialAction":[{"@type":"ReadAction","target":["https:\/\/www.santacombanamemoria.eu\/sc\/index.php\/jose-suarez-suarez\/"]}]},{"@type":"BreadcrumbList","@id":"https:\/\/www.santacombanamemoria.eu\/sc\/index.php\/jose-suarez-suarez\/#breadcrumb","itemListElement":[{"@type":"ListItem","position":1,"name":"Portada","item":"https:\/\/www.santacombanamemoria.eu\/sc\/"},{"@type":"ListItem","position":2,"name":"José Suárez Suárez"}]},{"@type":"WebSite","@id":"https:\/\/www.santacombanamemoria.eu\/sc\/#website","url":"https:\/\/www.santacombanamemoria.eu\/sc\/","name":"Santa Comba na Memoria","description":"Unha fiestra ao pasado dende o ano 1900","publisher":{"@id":"https:\/\/www.santacombanamemoria.eu\/sc\/#organization"},"alternateName":"Historia fotográfica do concello de Santa Comba","potentialAction":[{"@type":"SearchAction","target":{"@type":"EntryPoint","urlTemplate":"https:\/\/www.santacombanamemoria.eu\/sc\/?s={search_term_string}"},"query-input":{"@type":"PropertyValueSpecification","valueRequired":true,"valueName":"search_term_string"}}],"inLanguage":"es"},{"@type":"Organization","@id":"https:\/\/www.santacombanamemoria.eu\/sc\/#organization","name":"Santa Comba na Memoria","alternateName":"Santa Comba na Memoria","url":"https:\/\/www.santacombanamemoria.eu\/sc\/","logo":{"@type":"ImageObject","inLanguage":"es","@id":"https:\/\/www.santacombanamemoria.eu\/sc\/#\/schema\/logo\/image\/","url":"https:\/\/www.santacombanamemoria.eu\/sc\/wp-content\/uploads\/slider2\/Editorg_design_05-12-17--25.jpeg","contentUrl":"https:\/\/www.santacombanamemoria.eu\/sc\/wp-content\/uploads\/slider2\/Editorg_design_05-12-17--25.jpeg","width":1702,"height":680,"caption":"Santa Comba na Memoria"},"image":{"@id":"https:\/\/www.santacombanamemoria.eu\/sc\/#\/schema\/logo\/image\/"}}]}</script>
<!-- / Yoast SEO plugin. -->

José Suárez Suárez - Santa Comba na Memoria

Foi empresario, Xuíz de Paz, encargado de quintas, funcionario e un dos máis míticos xestores deportivos no fútbol da Costa da Morte ó fronte do Xallas F.C., non solo polos resultados deportivos do club que presidía senón tamén polos métodos de xestión utilizados propios do século XXI, reflexados incluso en diarios de prestixio da época. LEER MÁS

Historia fotográfica do concello de Santa Comba
