{"id":429,"date":"2024-09-22T10:35:28","date_gmt":"2024-09-22T10:35:28","guid":{"rendered":"https:\/\/anxovarela.es\/sc\/?page_id=429"},"modified":"2024-09-22T10:35:29","modified_gmt":"2024-09-22T10:35:29","slug":"flora-especies-invasoras","status":"publish","type":"page","link":"https:\/\/www.santacombanamemoria.eu\/sc\/index.php\/flora-especies-invasoras\/","title":{"rendered":"Flora especies Invasoras"},"content":{"rendered":"\n<h2 class=\"wp-block-heading\">Flora invasora<\/h2>\n\n\n\n<p>Fentos<br>(Azolla filiculoides) Fieito de auga<\/p>\n\n\n\n<p>Plantas superiores<br>(\u2026) Outras especies<br>(Acacia dealbata) Acacia, alcacia, mimosa<br>(Ailanthus altissima) Ailanto<br>(Amaranthus retroflexus) Bledo<br>(Arctotheca calendula) Arctotheca<br>(Arundo donax) Cana, xunco xigante, falso bamb\u00fa<br>(Bacopa monnieri) Bacopa anana<br>(Bidens aurea) T\u00e9 de horta<br>(Buddleja davidii) Lilar<br>(Carpobrotus edulis) U\u00f1a de gato, Herba do coitelo<br>(Conyza canadensis) Eixer\u00f3n<br>(Cortaderia selloana) Herba da Pampa, carrizo da Pampa<br>(Cotula coronopifolia) Santalina de auga<br>(Crocosmia x crocosmiiflora) Crocosmia<br>(Cyperus eragrostis) Juncia olorosa<br>(Egeria densa) Elodea densa<br>(Helichrysum petiolare) Sempreviva<br>(Ipomoea indica) Campa\u00ed\u00f1a<br>(Ludwigia grandiflora) Ludwigia<br>(Oenothera glazioviana) Herba do asno, boas noites<br>(Oxalis pescaprae) Vinagreta, pan de cuco<br>(Paspalum dilatatum) Pasto mel<br>(Phytolacca americana) Herba carm\u00edn, herba tintureira<br>(Reynoutria japonica) Reynoutria<br>(Robinia pseudoacacia) Falsa acacia<br>(Senecio mikanioides) Sebes<br>(Spartina patens) Espartina<br>(Stenotaphrum secundatum) Grama americana, grama galega<br>(Tradescantia fluminensis) Orella de gato<br>(Tropaeolum majus) Capuchina, flor de sangue<br>(Vinca difformis) Herba doncela, herba da envexa,vinca<\/p>\n","protected":false},"excerpt":{"rendered":"<p>Flora invasora Fentos(Azolla filiculoides) Fieito de auga Plantas superiores(\u2026) Outras especies(Acacia dealbata) Acacia, alcacia, mimosa(Ailanthus altissima) Ailanto(Amaranthus retroflexus) Bledo(Arctotheca calendula) Arctotheca(Arundo donax) Cana, xunco xigante, falso bamb\u00fa(Bacopa monnieri) Bacopa anana(Bidens aurea) T\u00e9 de horta(Buddleja davidii) Lilar(Carpobrotus edulis) U\u00f1a de gato, Herba do coitelo(Conyza canadensis) Eixer\u00f3n(Cortaderia selloana) Herba da Pampa, carrizo da Pampa(Cotula coronopifolia) Santalina de <a class=\"read-more\" href=\"https:\/\/www.santacombanamemoria.eu\/sc\/index.php\/flora-especies-invasoras\/\">LEER M\u00c1S<\/a><\/p>\n","protected":false},"author":1,"featured_media":0,"parent":0,"menu_order":0,"comment_status":"closed","ping_status":"closed","template":"","meta":{"_eb_attr":"","ngg_post_thumbnail":0,"footnotes":""},"class_list":["post-429","page","type-page","status-publish","hentry"],"yoast_head":"<!-- This site is optimized with the Yoast SEO plugin v27.3 - https:\/\/yoast.com\/product\/yoast-seo-wordpress\/ -->\n<title>Flora especies Invasoras - Santa Comba na Memoria<\/title>\n<meta name=\"robots\" content=\"index, follow, max-snippet:-1, max-image-preview:large, max-video-preview:-1\" \/>\n<link rel=\"canonical\" href=\"https:\/\/www.santacombanamemoria.eu\/sc\/index.php\/flora-especies-invasoras\/\" \/>\n<meta property=\"og:locale\" content=\"es_ES\" \/>\n<meta property=\"og:type\" content=\"article\" \/>\n<meta property=\"og:title\" content=\"Flora especies Invasoras - Santa Comba na Memoria\" \/>\n<meta property=\"og:description\" content=\"Flora invasora Fentos(Azolla filiculoides) Fieito de auga Plantas superiores(\u2026) Outras especies(Acacia dealbata) Acacia, alcacia, mimosa(Ailanthus altissima) Ailanto(Amaranthus retroflexus) Bledo(Arctotheca calendula) Arctotheca(Arundo donax) Cana, xunco xigante, falso bamb\u00fa(Bacopa monnieri) Bacopa anana(Bidens aurea) T\u00e9 de horta(Buddleja davidii) Lilar(Carpobrotus edulis) U\u00f1a de gato, Herba do coitelo(Conyza canadensis) Eixer\u00f3n(Cortaderia selloana) Herba da Pampa, carrizo da Pampa(Cotula coronopifolia) Santalina de LEER M\u00c1S\" \/>\n<meta property=\"og:url\" content=\"https:\/\/www.santacombanamemoria.eu\/sc\/index.php\/flora-especies-invasoras\/\" \/>\n<meta property=\"og:site_name\" content=\"Santa Comba na Memoria\" \/>\n<meta property=\"article:modified_time\" content=\"2024-09-22T10:35:29+00:00\" \/>\n<meta property=\"og:image\" content=\"https:\/\/www.santacombanamemoria.eu\/sc\/wp-content\/uploads\/slider2\/Editorg_design_05-12-17--25.jpeg\" \/>\n\t<meta property=\"og:image:width\" content=\"1702\" \/>\n\t<meta property=\"og:image:height\" content=\"680\" \/>\n\t<meta property=\"og:image:type\" content=\"image\/jpeg\" \/>\n<meta name=\"twitter:card\" content=\"summary_large_image\" \/>\n<meta name=\"twitter:label1\" content=\"Tiempo de lectura\" \/>\n\t<meta name=\"twitter:data1\" content=\"1 minuto\" \/>\n<script type=\"application\/ld+json\" class=\"yoast-schema-graph\">{\"@context\":\"https:\\\/\\\/schema.org\",\"@graph\":[{\"@type\":\"WebPage\",\"@id\":\"https:\\\/\\\/www.santacombanamemoria.eu\\\/sc\\\/index.php\\\/flora-especies-invasoras\\\/\",\"url\":\"https:\\\/\\\/www.santacombanamemoria.eu\\\/sc\\\/index.php\\\/flora-especies-invasoras\\\/\",\"name\":\"Flora especies Invasoras - Santa Comba na Memoria\",\"isPartOf\":{\"@id\":\"https:\\\/\\\/www.santacombanamemoria.eu\\\/sc\\\/#website\"},\"datePublished\":\"2024-09-22T10:35:28+00:00\",\"dateModified\":\"2024-09-22T10:35:29+00:00\",\"breadcrumb\":{\"@id\":\"https:\\\/\\\/www.santacombanamemoria.eu\\\/sc\\\/index.php\\\/flora-especies-invasoras\\\/#breadcrumb\"},\"inLanguage\":\"es\",\"potentialAction\":[{\"@type\":\"ReadAction\",\"target\":[\"https:\\\/\\\/www.santacombanamemoria.eu\\\/sc\\\/index.php\\\/flora-especies-invasoras\\\/\"]}]},{\"@type\":\"BreadcrumbList\",\"@id\":\"https:\\\/\\\/www.santacombanamemoria.eu\\\/sc\\\/index.php\\\/flora-especies-invasoras\\\/#breadcrumb\",\"itemListElement\":[{\"@type\":\"ListItem\",\"position\":1,\"name\":\"Portada\",\"item\":\"https:\\\/\\\/www.santacombanamemoria.eu\\\/sc\\\/\"},{\"@type\":\"ListItem\",\"position\":2,\"name\":\"Flora especies Invasoras\"}]},{\"@type\":\"WebSite\",\"@id\":\"https:\\\/\\\/www.santacombanamemoria.eu\\\/sc\\\/#website\",\"url\":\"https:\\\/\\\/www.santacombanamemoria.eu\\\/sc\\\/\",\"name\":\"Santa Comba na Memoria\",\"description\":\"Unha fiestra ao pasado dende o ano 1900\",\"publisher\":{\"@id\":\"https:\\\/\\\/www.santacombanamemoria.eu\\\/sc\\\/#organization\"},\"alternateName\":\"Historia fotogr\u00e1fica do concello de Santa Comba\",\"potentialAction\":[{\"@type\":\"SearchAction\",\"target\":{\"@type\":\"EntryPoint\",\"urlTemplate\":\"https:\\\/\\\/www.santacombanamemoria.eu\\\/sc\\\/?s={search_term_string}\"},\"query-input\":{\"@type\":\"PropertyValueSpecification\",\"valueRequired\":true,\"valueName\":\"search_term_string\"}}],\"inLanguage\":\"es\"},{\"@type\":\"Organization\",\"@id\":\"https:\\\/\\\/www.santacombanamemoria.eu\\\/sc\\\/#organization\",\"name\":\"Santa Comba na Memoria\",\"alternateName\":\"Santa Comba na Memoria\",\"url\":\"https:\\\/\\\/www.santacombanamemoria.eu\\\/sc\\\/\",\"logo\":{\"@type\":\"ImageObject\",\"inLanguage\":\"es\",\"@id\":\"https:\\\/\\\/www.santacombanamemoria.eu\\\/sc\\\/#\\\/schema\\\/logo\\\/image\\\/\",\"url\":\"https:\\\/\\\/www.santacombanamemoria.eu\\\/sc\\\/wp-content\\\/uploads\\\/slider2\\\/Editorg_design_05-12-17--25.jpeg\",\"contentUrl\":\"https:\\\/\\\/www.santacombanamemoria.eu\\\/sc\\\/wp-content\\\/uploads\\\/slider2\\\/Editorg_design_05-12-17--25.jpeg\",\"width\":1702,\"height\":680,\"caption\":\"Santa Comba na Memoria\"},\"image\":{\"@id\":\"https:\\\/\\\/www.santacombanamemoria.eu\\\/sc\\\/#\\\/schema\\\/logo\\\/image\\\/\"}}]}<\/script>\n<!-- \/ Yoast SEO plugin. -->","yoast_head_json":{"title":"Flora especies Invasoras - Santa Comba na Memoria","robots":{"index":"index","follow":"follow","max-snippet":"max-snippet:-1","max-image-preview":"max-image-preview:large","max-video-preview":"max-video-preview:-1"},"canonical":"https:\/\/www.santacombanamemoria.eu\/sc\/index.php\/flora-especies-invasoras\/","og_locale":"es_ES","og_type":"article","og_title":"Flora especies Invasoras - Santa Comba na Memoria","og_description":"Flora invasora Fentos(Azolla filiculoides) Fieito de auga Plantas superiores(\u2026) Outras especies(Acacia dealbata) Acacia, alcacia, mimosa(Ailanthus altissima) Ailanto(Amaranthus retroflexus) Bledo(Arctotheca calendula) Arctotheca(Arundo donax) Cana, xunco xigante, falso bamb\u00fa(Bacopa monnieri) Bacopa anana(Bidens aurea) T\u00e9 de horta(Buddleja davidii) Lilar(Carpobrotus edulis) U\u00f1a de gato, Herba do coitelo(Conyza canadensis) Eixer\u00f3n(Cortaderia selloana) Herba da Pampa, carrizo da Pampa(Cotula coronopifolia) Santalina de LEER M\u00c1S","og_url":"https:\/\/www.santacombanamemoria.eu\/sc\/index.php\/flora-especies-invasoras\/","og_site_name":"Santa Comba na Memoria","article_modified_time":"2024-09-22T10:35:29+00:00","og_image":[{"width":1702,"height":680,"url":"https:\/\/www.santacombanamemoria.eu\/sc\/wp-content\/uploads\/slider2\/Editorg_design_05-12-17--25.jpeg","type":"image\/jpeg"}],"twitter_card":"summary_large_image","twitter_misc":{"Tiempo de lectura":"1 minuto"},"schema":{"@context":"https:\/\/schema.org","@graph":[{"@type":"WebPage","@id":"https:\/\/www.santacombanamemoria.eu\/sc\/index.php\/flora-especies-invasoras\/","url":"https:\/\/www.santacombanamemoria.eu\/sc\/index.php\/flora-especies-invasoras\/","name":"Flora especies Invasoras - Santa Comba na Memoria","isPartOf":{"@id":"https:\/\/www.santacombanamemoria.eu\/sc\/#website"},"datePublished":"2024-09-22T10:35:28+00:00","dateModified":"2024-09-22T10:35:29+00:00","breadcrumb":{"@id":"https:\/\/www.santacombanamemoria.eu\/sc\/index.php\/flora-especies-invasoras\/#breadcrumb"},"inLanguage":"es","potentialAction":[{"@type":"ReadAction","target":["https:\/\/www.santacombanamemoria.eu\/sc\/index.php\/flora-especies-invasoras\/"]}]},{"@type":"BreadcrumbList","@id":"https:\/\/www.santacombanamemoria.eu\/sc\/index.php\/flora-especies-invasoras\/#breadcrumb","itemListElement":[{"@type":"ListItem","position":1,"name":"Portada","item":"https:\/\/www.santacombanamemoria.eu\/sc\/"},{"@type":"ListItem","position":2,"name":"Flora especies Invasoras"}]},{"@type":"WebSite","@id":"https:\/\/www.santacombanamemoria.eu\/sc\/#website","url":"https:\/\/www.santacombanamemoria.eu\/sc\/","name":"Santa Comba na Memoria","description":"Unha fiestra ao pasado dende o ano 1900","publisher":{"@id":"https:\/\/www.santacombanamemoria.eu\/sc\/#organization"},"alternateName":"Historia fotogr\u00e1fica do concello de Santa Comba","potentialAction":[{"@type":"SearchAction","target":{"@type":"EntryPoint","urlTemplate":"https:\/\/www.santacombanamemoria.eu\/sc\/?s={search_term_string}"},"query-input":{"@type":"PropertyValueSpecification","valueRequired":true,"valueName":"search_term_string"}}],"inLanguage":"es"},{"@type":"Organization","@id":"https:\/\/www.santacombanamemoria.eu\/sc\/#organization","name":"Santa Comba na Memoria","alternateName":"Santa Comba na Memoria","url":"https:\/\/www.santacombanamemoria.eu\/sc\/","logo":{"@type":"ImageObject","inLanguage":"es","@id":"https:\/\/www.santacombanamemoria.eu\/sc\/#\/schema\/logo\/image\/","url":"https:\/\/www.santacombanamemoria.eu\/sc\/wp-content\/uploads\/slider2\/Editorg_design_05-12-17--25.jpeg","contentUrl":"https:\/\/www.santacombanamemoria.eu\/sc\/wp-content\/uploads\/slider2\/Editorg_design_05-12-17--25.jpeg","width":1702,"height":680,"caption":"Santa Comba na Memoria"},"image":{"@id":"https:\/\/www.santacombanamemoria.eu\/sc\/#\/schema\/logo\/image\/"}}]}},"jetpack_sharing_enabled":true,"_links":{"self":[{"href":"https:\/\/www.santacombanamemoria.eu\/sc\/index.php\/wp-json\/wp\/v2\/pages\/429","targetHints":{"allow":["GET"]}}],"collection":[{"href":"https:\/\/www.santacombanamemoria.eu\/sc\/index.php\/wp-json\/wp\/v2\/pages"}],"about":[{"href":"https:\/\/www.santacombanamemoria.eu\/sc\/index.php\/wp-json\/wp\/v2\/types\/page"}],"author":[{"embeddable":true,"href":"https:\/\/www.santacombanamemoria.eu\/sc\/index.php\/wp-json\/wp\/v2\/users\/1"}],"replies":[{"embeddable":true,"href":"https:\/\/www.santacombanamemoria.eu\/sc\/index.php\/wp-json\/wp\/v2\/comments?post=429"}],"version-history":[{"count":1,"href":"https:\/\/www.santacombanamemoria.eu\/sc\/index.php\/wp-json\/wp\/v2\/pages\/429\/revisions"}],"predecessor-version":[{"id":433,"href":"https:\/\/www.santacombanamemoria.eu\/sc\/index.php\/wp-json\/wp\/v2\/pages\/429\/revisions\/433"}],"wp:attachment":[{"href":"https:\/\/www.santacombanamemoria.eu\/sc\/index.php\/wp-json\/wp\/v2\/media?parent=429"}],"curies":[{"name":"wp","href":"https:\/\/api.w.org\/{rel}","templated":true}]}}

<h2 class="wp-block-heading">Flora invasora</h2>



<p>Fentos<br>(Azolla filiculoides) Fieito de auga</p>



<p>Plantas superiores<br>(…) Outras especies<br>(Acacia dealbata) Acacia, alcacia, mimosa<br>(Ailanthus altissima) Ailanto<br>(Amaranthus retroflexus) Bledo<br>(Arctotheca calendula) Arctotheca<br>(Arundo donax) Cana, xunco xigante, falso bambú<br>(Bacopa monnieri) Bacopa anana<br>(Bidens aurea) Té de horta<br>(Buddleja davidii) Lilar<br>(Carpobrotus edulis) Uña de gato, Herba do coitelo<br>(Conyza canadensis) Eixerón<br>(Cortaderia selloana) Herba da Pampa, carrizo da Pampa<br>(Cotula coronopifolia) Santalina de auga<br>(Crocosmia x crocosmiiflora) Crocosmia<br>(Cyperus eragrostis) Juncia olorosa<br>(Egeria densa) Elodea densa<br>(Helichrysum petiolare) Sempreviva<br>(Ipomoea indica) Campaíña<br>(Ludwigia grandiflora) Ludwigia<br>(Oenothera glazioviana) Herba do asno, boas noites<br>(Oxalis pescaprae) Vinagreta, pan de cuco<br>(Paspalum dilatatum) Pasto mel<br>(Phytolacca americana) Herba carmín, herba tintureira<br>(Reynoutria japonica) Reynoutria<br>(Robinia pseudoacacia) Falsa acacia<br>(Senecio mikanioides) Sebes<br>(Spartina patens) Espartina<br>(Stenotaphrum secundatum) Grama americana, grama galega<br>(Tradescantia fluminensis) Orella de gato<br>(Tropaeolum majus) Capuchina, flor de sangue<br>(Vinca difformis) Herba doncela, herba da envexa,vinca</p>

<p>Flora invasora Fentos(Azolla filiculoides) Fieito de auga Plantas superiores(…) Outras especies(Acacia dealbata) Acacia, alcacia, mimosa(Ailanthus altissima) Ailanto(Amaranthus retroflexus) Bledo(Arctotheca calendula) Arctotheca(Arundo donax) Cana, xunco xigante, falso bambú(Bacopa monnieri) Bacopa anana(Bidens aurea) Té de horta(Buddleja davidii) Lilar(Carpobrotus edulis) Uña de gato, Herba do coitelo(Conyza canadensis) Eixerón(Cortaderia selloana) Herba da Pampa, carrizo da Pampa(Cotula coronopifolia) Santalina de <a class="read-more" href="https://www.santacombanamemoria.eu/sc/index.php/flora-especies-invasoras/">LEER MÁS</a></p>

<!-- This site is optimized with the Yoast SEO plugin v27.3 - https://yoast.com/product/yoast-seo-wordpress/ -->
<title>Flora especies Invasoras - Santa Comba na Memoria</title>
<meta name="robots" content="index, follow, max-snippet:-1, max-image-preview:large, max-video-preview:-1" />
<link rel="canonical" href="https://www.santacombanamemoria.eu/sc/index.php/flora-especies-invasoras/" />
<meta property="og:locale" content="es_ES" />
<meta property="og:type" content="article" />
<meta property="og:title" content="Flora especies Invasoras - Santa Comba na Memoria" />
<meta property="og:description" content="Flora invasora Fentos(Azolla filiculoides) Fieito de auga Plantas superiores(…) Outras especies(Acacia dealbata) Acacia, alcacia, mimosa(Ailanthus altissima) Ailanto(Amaranthus retroflexus) Bledo(Arctotheca calendula) Arctotheca(Arundo donax) Cana, xunco xigante, falso bambú(Bacopa monnieri) Bacopa anana(Bidens aurea) Té de horta(Buddleja davidii) Lilar(Carpobrotus edulis) Uña de gato, Herba do coitelo(Conyza canadensis) Eixerón(Cortaderia selloana) Herba da Pampa, carrizo da Pampa(Cotula coronopifolia) Santalina de LEER MÁS" />
<meta property="og:url" content="https://www.santacombanamemoria.eu/sc/index.php/flora-especies-invasoras/" />
<meta property="og:site_name" content="Santa Comba na Memoria" />
<meta property="article:modified_time" content="2024-09-22T10:35:29+00:00" />
<meta property="og:image" content="https://www.santacombanamemoria.eu/sc/wp-content/uploads/slider2/Editorg_design_05-12-17--25.jpeg" />
	<meta property="og:image:width" content="1702" />
	<meta property="og:image:height" content="680" />
	<meta property="og:image:type" content="image/jpeg" />
<meta name="twitter:card" content="summary_large_image" />
<meta name="twitter:label1" content="Tiempo de lectura" />
	<meta name="twitter:data1" content="1 minuto" />
<script type="application/ld+json" class="yoast-schema-graph">{"@context":"https:\/\/schema.org","@graph":[{"@type":"WebPage","@id":"https:\/\/www.santacombanamemoria.eu\/sc\/index.php\/flora-especies-invasoras\/","url":"https:\/\/www.santacombanamemoria.eu\/sc\/index.php\/flora-especies-invasoras\/","name":"Flora especies Invasoras - Santa Comba na Memoria","isPartOf":{"@id":"https:\/\/www.santacombanamemoria.eu\/sc\/#website"},"datePublished":"2024-09-22T10:35:28+00:00","dateModified":"2024-09-22T10:35:29+00:00","breadcrumb":{"@id":"https:\/\/www.santacombanamemoria.eu\/sc\/index.php\/flora-especies-invasoras\/#breadcrumb"},"inLanguage":"es","potentialAction":[{"@type":"ReadAction","target":["https:\/\/www.santacombanamemoria.eu\/sc\/index.php\/flora-especies-invasoras\/"]}]},{"@type":"BreadcrumbList","@id":"https:\/\/www.santacombanamemoria.eu\/sc\/index.php\/flora-especies-invasoras\/#breadcrumb","itemListElement":[{"@type":"ListItem","position":1,"name":"Portada","item":"https:\/\/www.santacombanamemoria.eu\/sc\/"},{"@type":"ListItem","position":2,"name":"Flora especies Invasoras"}]},{"@type":"WebSite","@id":"https:\/\/www.santacombanamemoria.eu\/sc\/#website","url":"https:\/\/www.santacombanamemoria.eu\/sc\/","name":"Santa Comba na Memoria","description":"Unha fiestra ao pasado dende o ano 1900","publisher":{"@id":"https:\/\/www.santacombanamemoria.eu\/sc\/#organization"},"alternateName":"Historia fotográfica do concello de Santa Comba","potentialAction":[{"@type":"SearchAction","target":{"@type":"EntryPoint","urlTemplate":"https:\/\/www.santacombanamemoria.eu\/sc\/?s={search_term_string}"},"query-input":{"@type":"PropertyValueSpecification","valueRequired":true,"valueName":"search_term_string"}}],"inLanguage":"es"},{"@type":"Organization","@id":"https:\/\/www.santacombanamemoria.eu\/sc\/#organization","name":"Santa Comba na Memoria","alternateName":"Santa Comba na Memoria","url":"https:\/\/www.santacombanamemoria.eu\/sc\/","logo":{"@type":"ImageObject","inLanguage":"es","@id":"https:\/\/www.santacombanamemoria.eu\/sc\/#\/schema\/logo\/image\/","url":"https:\/\/www.santacombanamemoria.eu\/sc\/wp-content\/uploads\/slider2\/Editorg_design_05-12-17--25.jpeg","contentUrl":"https:\/\/www.santacombanamemoria.eu\/sc\/wp-content\/uploads\/slider2\/Editorg_design_05-12-17--25.jpeg","width":1702,"height":680,"caption":"Santa Comba na Memoria"},"image":{"@id":"https:\/\/www.santacombanamemoria.eu\/sc\/#\/schema\/logo\/image\/"}}]}</script>
<!-- / Yoast SEO plugin. -->

Flora invasora Fentos(Azolla filiculoides) Fieito de auga Plantas superiores(…) Outras especies(Acacia dealbata) Acacia, alcacia, mimosa(Ailanthus altissima) Ailanto(Amaranthus retroflexus) Bledo(Arctotheca calendula) Arctotheca(Arundo donax) Cana, xunco xigante, falso bambú(Bacopa monnieri) Bacopa anana(Bidens aurea) Té de horta(Buddleja davidii) Lilar(Carpobrotus edulis) Uña de gato, Herba do coitelo(Conyza canadensis) Eixerón(Cortaderia selloana) Herba da Pampa, carrizo da Pampa(Cotula coronopifolia) Santalina de LEER MÁS

Historia fotográfica do concello de Santa Comba
